21?
-1223120
In base 14, what is 6 + 663?
669
In base 7, what is 11554465 - -2?
11554500
In base 9, what is 122 + 683?
815
In base 14, what is 40 - 346?
-306
In base 4, what is -133302221 + -3?
-133302230
In base 15, what is 146b71 + -1?
146b70
In base 4, what is -113 - 12111?
-12230
In base 10, what is -305175 - -5?
-305170
In base 15, what is 20ae - -4a?
2109
In base 3, what is -2212 + -12202?
-22121
In base 5, what is -1024 - -11210?
10131
In base 4, what is 1222102 - 11200?
1210302
In base 14, what is -3a2a + -3?
-3a2d
In base 16, what is -5 - 1e57?
-1e5c
In base 9, what is 1121 + 112?
1233
In base 16, what is -24d - 57?
-2a4
In base 7, what is 622234 + -2?
622232
In base 7, what is -335103 - -3?
-335100
In base 8, what is 607350 + 3?
607353
In base 7, what is 4416 + -2?
4414
In base 4, what is 12133 + -200?
11333
In base 2, what is 11 + -1111001000110101?
-1111001000110010
In base 9, what is -71206 + 3?
-71203
In base 12, what is 765 + 16a4?
2249
In base 16, what is 4 - 1525?
-1521
In base 3, what is -111111 - -2112102?
2000221
In base 14, what is 3721a + 4?
37220
In base 3, what is 21002121200 - -10?
21002121210
In base 3, what is -12 + 1012210021?
1012210002
In base 16, what is 7f9a5 + 1?
7f9a6
In base 9, what is -16 + -3006?
-3023
In base 10, what is 3 + -973484?
-973481
In base 14, what is 1 - 3515b?
-3515a
In base 10, what is 44346 + -5?
44341
In base 13, what is 4 - 697?
-693
In base 12, what is 24476 + 0?
24476
In base 15, what is 158 + -85?
c3
In base 2, what is 1000101101111100 + -100?
1000101101111000
In base 10, what is -718 + 2394?
1676
In base 12, what is -162 - -64?
-ba
In base 2, what is 1111000 - -11011111000?
11101110000
In base 11, what is -7 + -11194?
-111a0
In base 9, what is -3002720 + 1?
-3002718
In base 15, what is -4e18 + 3a?
-4dcd
In base 6, what is -220054 + -12?
-220110
In base 8, what is -34 + -13450?
-13504
In base 13, what is -21922 + 3?
-2191c
In base 7, what is 1022 + -2306?
-1254
In base 8, what is -4 - -646236?
646232
In base 7, what is 21 - -504303?
504324
In base 8, what is -165 + 154303?
154116
In base 7, what is 416 + -26034?
-25315
In base 12, what is 58b - -4?
593
In base 9, what is 111270 - 1?
111268
In base 5, what is -104 + 2013?
1404
In base 3, what is -2010211 + -210?
-2011121
In base 8, what is 15 - -204515?
204532
In base 9, what is -42 - 35362?
-35414
In base 4, what is 113 - -11033210?
11033323
In base 12, what is -141841 - -2?
-14183b
In base 9, what is -5534 - -3?
-5531
In base 16, what is -24e + 316?
c8
In base 11, what is -45 - -1a231?
1a197
In base 9, what is 113002 + -1?
113001
In base 8, what is -3101 + 7?
-3072
In base 9, what is -753468 + -1?
-753470
In base 2, what is 110010101 + -101011?
101101010
In base 15, what is -3 + 1328?
1325
In base 6, what is -104 - 1553?
-2101
In base 11, what is 2 - 1956a?
-19568
In base 12, what is 4 + 20bb4?
20bb8
In base 6, what is 1003 + -11?
552
In base 12, what is -4 - -b3b?
b37
In base 15, what is 896 + 4e?
8e5
In base 12, what is -34b - 18?
-367
In base 4, what is 1 - 300001?
-300000
In base 16, what is -4544a4 + -2?
-4544a6
In base 3, what is 110121120 + 100100?
110221220
In base 8, what is -14 - 270343?
-270357
In base 15, what is c + -48285?
-48278
In base 13, what is 4 + 716cc?
71703
In base 8, what is 66565 - 1?
66564
In base 9, what is 246 + -272?
-25
In base 15, what is 1 + 112b4?
112b5
In base 12, what is -4 + 43882?
4387a
In base 6, what is 3122245 - 3?
3122242
In base 4, what is 1003122 - -333?
1010121
In base 12, what is -41665 - 0?
-41665
In base 14, what is -21d22 + 8?
-21d18
In base 14, what is -1 - 3a97?
-3a98
In base 9, what is 28 - 107276?
-107247
In base 8, what is -2 + -4515401?
-4515403
In base 12, what is 619a - -2?
61a0
In base 2, what is 1101 - -100101100011110011?
100101100100000000
In base 8, what is -36 + 1261?
1223
In base 3, what is -1011 + 2211100?
2210012
In base 6, what is 0 - -1540105?
1540105
In base 12, what is -2 + -11923?
-11925
In base 3, what is 100111 - 1112?
21222
In base 16, what is -542 + -10f?
-651
In base 4, what is -220112212 - -1?
-220112211
In base 12, what is 71a27 - -2?
71a29
In base 7, what is -31403 + 20?
-31353
In base 3, what is -2 + -122002112011?
-122002112020
In base 13, what is -16 - 127?
-140
In base 13, what is 8 + -13160?
-13155
In base 2, what is -1 + 100011100101111?
100011100101110
In base 13, what is 3 + -b93?
-b90
In base 9, what is 1 - 14578?
-14577
In base 15, what is 2de + 16?
305
In base 2, what is 1011000110100101 + 10111?
1011000110111100
In base 9, what is 4 - 636267?
-636263
In base 9, what is -30 + -4764?
-4804
In base 2, what is -1 - -1000101011101?
1000101011100
In base 14, what is -29 - 73b?
-766
In base 16, what is 3 - -36fa?
36fd
In base 2, what is -10100011100 + -10010111011?
-100111010111
In base 8, what is -116340 + -43?
-116403
In base 8, what is 332 - 27730?
-27376
In base 3, what is -11 - -220101101?
220101020
In base 16, what is 4 - -1803?
1807
In base 10, what is 7 - 928?
-921
In base 16, what is 6e - b5?
-47
In base 13, what is -1 + -2232?
-2233
In base 5, what is 1 + 220220?
220221
In base 3, what is 0 + 1011211021?
1011211021
In base 7, what is -16263 - 12?
-16305
In base 15, what is -2e + 7de?
7b0
In base 8, what is 70 + -10005?
-7715
In base 4, what is -1002201 - 303?
-1003110
In base 4, what is 32002 + 23?
32031
In base 13, what is 102c4c2 + 0?
102c4c2
In base 2, what is -100011 - -10010101?
1110010
In base 11, what is -2588a + 4?
-25886
In base 11, what is 1 - -36a19?
36a1a
In base 12, what is 71b8 - 41?
7177
In base 11, what is -44240 + 5?
-44236
In base 4, what is -2201 - 11203?
-20010
In base 3, what is -12200220211 + -121?
-12200221102
In base 13, what is -17974 - -6?
-1796b
In base 12, what is 122 + -8582?
-8460
In base 4, what is -221223 - -1?
-221222
In base 14, what is -16131 + -4?
-16135
In base 12, what is 5 + -340480?
-340477
In base 16, what is 36c - 9?
363
In base 12, what is -3 - -4a01?
49ba
In base 15, what is 14 + 1e601?
1e615
In base 10, what is -4 - 78386?
-78390
In base 13, what is -7c2 + -a3c?
-1531
In base 13, what is -2355 + 2?
-2353
In base 13, what is -2542 - -15?
-252a
In base 12, what is 2 - -3a7001?
3a7003
In base 12, what is -8185 - -278?
-7b09
In base 7, what is -60 - 5431?
-5521
In base 15, what is 1 + 30a5?
30a6
In base 15, what is 1 - b25?
-b24
In base 6, what is -4 + -10353?
-10401
In base 7, what is 0 + -406046?
-406046
In base 14, what is 6588bc + 1?
6588bd
In base 11, what is -4 + 13608a?
136086
In base 16, what is -4 + -127f?
-1283
In base 7, what is -4 - -423441?
423434
In base 12, what is 6996 - -9?
69a3
In base 10, what is 24211 + 6?
24217
In base 16, what is 46 + 37e?
3c4
In base 13, what is 363836 - -2?
363838
In base 15, what is -3 + 34dbe?
34dbb
In base 16, what is 19 + -16?
3
In base 4, what is -20222001 - 10?
-20222011
In base 4, what is -211323312 - -32?
-211323220
In base 10, what is -4 - -252620?
252616
In base 15, what is 14 + -cdd?
-cc9
In base 3, what is -22100102211 + 12?
-22100102122
In base 5, what is 10120131 - -2?
10120133
In base 11, what is 298a0 + -17?
29884
In base 8, what is -536 - 273?
-1031
In base 6, what is 21 - -3100453?
3100514
In base 15, what is 8 + 1dda?
1de3
In base 3, what is 2 - 101101220?
-101101211
In base 16, what is -2 - 4989f?
-498a1
In base 12, what is 31440 - 5?
31437
In base 13, what is -209 - 46b?
-677
In base 3, what is 11 - 10011022?
-10011011
In base 6, what is 132 - -225?
401
In base 12, what is -27 + -825?
-850
In base 6, what is 0 - 10425033?
-10425033
In base 2, what is 1 - 11011000001?
-11011000000
In base 12, what is -17 - -1031?
1016
In base 6, what is 1104053 + -4?
1104045
In base 11, what is -1aa140 - -1?
-1aa13a
In base 14, what is 21 + 21574?
21595
In base 13, what is 18 - 2243?
-2228
In base 15, what is 210 + 1d?
22d
In base 9, what is 48368 + -15?
48353
In base 7, what is -103042331 + 5?
-103042323
In base 14, what is -5a1d - -19?
-5a04
In base 14, what is -8dd - 1b?
-91a
In base 9, what is 1868 + -21?
1847
In base 5, what is -1112321 - 20?
-1112341
In base 15, what is -de37 + 10?
-de27
In base 2, what is 1011 + -10101100101?
-10101011010
In base 15, what is 4d94b - 0?
4d94b
In base 14, what is 3 + 12791?
12794
In base 2, what is -100011001011110101 